{"id":2,"date":"2024-09-20T11:07:22","date_gmt":"2024-09-20T11:07:22","guid":{"rendered":"https:\/\/www.fruehkindliche-reflexe.ch\/?page_id=2"},"modified":"2024-09-30T14:23:09","modified_gmt":"2024-09-30T13:23:09","slug":"sample-page","status":"publish","type":"page","link":"https:\/\/www.fruehkindliche-reflexe.ch\/","title":{"rendered":"Home"},"content":{"rendered":"<p>[et_pb_section fb_built=&#8220;1&#8243; _builder_version=&#8220;4.16&#8243; global_colors_info=&#8220;{}&#8220;][et_pb_row _builder_version=&#8220;4.16&#8243; background_size=&#8220;initial&#8220; background_position=&#8220;top_left&#8220; background_repeat=&#8220;repeat&#8220; global_colors_info=&#8220;{}&#8220;][et_pb_column type=&#8220;4_4&#8243; _builder_version=&#8220;4.16&#8243; custom_padding=&#8220;|||&#8220; global_colors_info=&#8220;{}&#8220; custom_padding__hover=&#8220;|||&#8220;][et_pb_heading title=&#8220;Hier entsteht bald etwas ganz Neues!&#8220; _builder_version=&#8220;4.27.0&#8243; _module_preset=&#8220;default&#8220; hover_enabled=&#8220;0&#8243; sticky_enabled=&#8220;0&#8243; custom_padding=&#8220;||0px|||&#8220; title_text_align=&#8220;center&#8220;][\/et_pb_heading][\/et_pb_column][\/et_pb_row][et_pb_row _builder_version=&#8220;4.27.0&#8243; _module_preset=&#8220;default&#8220; global_colors_info=&#8220;{}&#8220;][et_pb_column type=&#8220;4_4&#8243; _builder_version=&#8220;4.27.0&#8243; _module_preset=&#8220;default&#8220; global_colors_info=&#8220;{}&#8220;][et_pb_blurb title=&#8220;Was sind fr\u00fchkindliche Reflexe:&#8220; use_icon=&#8220;on&#8220; _builder_version=&#8220;4.27.0&#8243; _module_preset=&#8220;default&#8220; global_colors_info=&#8220;{}&#8220;]<\/p>\n<p>Sie entstehen im Mutterleib, unterst\u00fctzen die Geburt, sichern das \u00dcberleben nach der Geburt, sind eine Vorbereitung auf n\u00e4chste Entwicklungsschritte und ebnen den Weg f\u00fcr willk\u00fcrliche Bewegungen. Die fr\u00fchkindlichen Reflexe m\u00fcssen zu 100 % aktiviert werden, erst wenn dies geschehen ist, gibt es Platz f\u00fcr neue Bewegungsmuster. Alle bis auf die Haltungsreflexe\/Stellreaktionen sollten die fr\u00fchkindlichen Reflexe 2 Jahren nach der Geburt nicht mehr ausl\u00f6sbar\/aktiv sein. Sind fr\u00fchkindliche Reflexe noch ausl\u00f6sbar, kommt es nach der entsprechenden Stimulation zu einer unwillk\u00fcrlichen\/unkontrollierbarer Bewegung.<\/p>\n<p>Das Schreckliche daran ist, dass die noch aktiven Reflexe meistens unentdeckt bleiben und den Kindern Unrecht getan wird, indem ihnen eine Absicht ihres ausf\u00e4lligen, negativen Verhalten unterstellt wird. So kann das st\u00e4ndige auf dem Stuhl Herumrutschen, Konzentrationsschwierigkeiten, verkrampfte, unleserliche Schrift, Sprachprobleme, etc. aufgrund von noch ausl\u00f6sbaren Reflexen entstehen. Kinder mit noch nicht gehemmten fr\u00fchkindlichen Reflexen leiden sehr im Alltag, vor allem in der Schule.<\/p>\n<p>Mit entsprechenden \u00dcbungen k\u00f6nnen aber die Reflexe \u00ababtrainiert\u00bb werden. Wird mit den Kindern konsequente trainiert, l\u00f6sen sich diese Reflexe ab und st\u00f6ren die Kinder nicht mehr.<\/p>\n<p>[\/et_pb_blurb][\/et_pb_column][\/et_pb_row][\/et_pb_section]<\/p>\n","protected":false},"excerpt":{"rendered":"<p>Sie entstehen im Mutterleib, unterst\u00fctzen die Geburt, sichern das \u00dcberleben nach der Geburt, sind eine Vorbereitung auf n\u00e4chste Entwicklungsschritte und ebnen den Weg f\u00fcr willk\u00fcrliche Bewegungen. Die fr\u00fchkindlichen Reflexe m\u00fcssen zu 100 % aktiviert werden, erst wenn dies geschehen ist, gibt es Platz f\u00fcr neue Bewegungsmuster. Alle bis auf die Haltungsreflexe\/Stellreaktionen sollten die fr\u00fchkindlichen Reflexe [&hellip;]<\/p>\n","protected":false},"author":1,"featured_media":0,"parent":0,"menu_order":0,"comment_status":"closed","ping_status":"open","template":"","meta":{"_et_pb_use_builder":"on","_et_pb_old_content":"<!-- wp:paragraph -->\n<p>This is an example page. It's different from a blog post because it will stay in one place and will show up in your site navigation (in most themes). Most people start with an About page that introduces them to potential site visitors. It might say something like this:<\/p>\n<!-- \/wp:paragraph -->\n\n<!-- wp:quote -->\n<blockquote class=\"wp-block-quote\"><p>Hi there! I'm a bike messenger by day, aspiring actor by night, and this is my website. I live in Los Angeles, have a great dog named Jack, and I like pi&#241;a coladas. (And gettin' caught in the rain.)<\/p><\/blockquote>\n<!-- \/wp:quote -->\n\n<!-- wp:paragraph -->\n<p>...or something like this:<\/p>\n<!-- \/wp:paragraph -->\n\n<!-- wp:quote -->\n<blockquote class=\"wp-block-quote\"><p>The XYZ Doohickey Company was founded in 1971, and has been providing quality doohickeys to the public ever since. Located in Gotham City, XYZ employs over 2,000 people and does all kinds of awesome things for the Gotham community.<\/p><\/blockquote>\n<!-- \/wp:quote -->\n\n<!-- wp:paragraph -->\n<p>As a new WordPress user, you should go to <a href=\"https:\/\/www.fruehkindliche-reflexe.ch\/wp-admin\/\">your dashboard<\/a> to delete this page and create new pages for your content. Have fun!<\/p>\n<!-- \/wp:paragraph -->","_et_gb_content_width":"","footnotes":""},"class_list":["post-2","page","type-page","status-publish","hentry"],"_links":{"self":[{"href":"https:\/\/www.fruehkindliche-reflexe.ch\/index.php?rest_route=\/wp\/v2\/pages\/2","targetHints":{"allow":["GET"]}}],"collection":[{"href":"https:\/\/www.fruehkindliche-reflexe.ch\/index.php?rest_route=\/wp\/v2\/pages"}],"about":[{"href":"https:\/\/www.fruehkindliche-reflexe.ch\/index.php?rest_route=\/wp\/v2\/types\/page"}],"author":[{"embeddable":true,"href":"https:\/\/www.fruehkindliche-reflexe.ch\/index.php?rest_route=\/wp\/v2\/users\/1"}],"replies":[{"embeddable":true,"href":"https:\/\/www.fruehkindliche-reflexe.ch\/index.php?rest_route=%2Fwp%2Fv2%2Fcomments&post=2"}],"version-history":[{"count":9,"href":"https:\/\/www.fruehkindliche-reflexe.ch\/index.php?rest_route=\/wp\/v2\/pages\/2\/revisions"}],"predecessor-version":[{"id":91,"href":"https:\/\/www.fruehkindliche-reflexe.ch\/index.php?rest_route=\/wp\/v2\/pages\/2\/revisions\/91"}],"wp:attachment":[{"href":"https:\/\/www.fruehkindliche-reflexe.ch\/index.php?rest_route=%2Fwp%2Fv2%2Fmedia&parent=2"}],"curies":[{"name":"wp","href":"https:\/\/api.w.org\/{rel}","templated":true}]}}

<p>[et_pb_section fb_built=&#8220;1&#8243; _builder_version=&#8220;4.16&#8243; global_colors_info=&#8220;{}&#8220;][et_pb_row _builder_version=&#8220;4.16&#8243; background_size=&#8220;initial&#8220; background_position=&#8220;top_left&#8220; background_repeat=&#8220;repeat&#8220; global_colors_info=&#8220;{}&#8220;][et_pb_column type=&#8220;4_4&#8243; _builder_version=&#8220;4.16&#8243; custom_padding=&#8220;|||&#8220; global_colors_info=&#8220;{}&#8220; custom_padding__hover=&#8220;|||&#8220;][et_pb_heading title=&#8220;Hier entsteht bald etwas ganz Neues!&#8220; _builder_version=&#8220;4.27.0&#8243; _module_preset=&#8220;default&#8220; hover_enabled=&#8220;0&#8243; sticky_enabled=&#8220;0&#8243; custom_padding=&#8220;||0px|||&#8220; title_text_align=&#8220;center&#8220;][/et_pb_heading][/et_pb_column][/et_pb_row][et_pb_row _builder_version=&#8220;4.27.0&#8243; _module_preset=&#8220;default&#8220; global_colors_info=&#8220;{}&#8220;][et_pb_column type=&#8220;4_4&#8243; _builder_version=&#8220;4.27.0&#8243; _module_preset=&#8220;default&#8220; global_colors_info=&#8220;{}&#8220;][et_pb_blurb title=&#8220;Was sind frühkindliche Reflexe:&#8220; use_icon=&#8220;on&#8220; _builder_version=&#8220;4.27.0&#8243; _module_preset=&#8220;default&#8220; global_colors_info=&#8220;{}&#8220;]</p>
<p>Sie entstehen im Mutterleib, unterstützen die Geburt, sichern das Überleben nach der Geburt, sind eine Vorbereitung auf nächste Entwicklungsschritte und ebnen den Weg für willkürliche Bewegungen. Die frühkindlichen Reflexe müssen zu 100 % aktiviert werden, erst wenn dies geschehen ist, gibt es Platz für neue Bewegungsmuster. Alle bis auf die Haltungsreflexe/Stellreaktionen sollten die frühkindlichen Reflexe 2 Jahren nach der Geburt nicht mehr auslösbar/aktiv sein. Sind frühkindliche Reflexe noch auslösbar, kommt es nach der entsprechenden Stimulation zu einer unwillkürlichen/unkontrollierbarer Bewegung.</p>
<p>Das Schreckliche daran ist, dass die noch aktiven Reflexe meistens unentdeckt bleiben und den Kindern Unrecht getan wird, indem ihnen eine Absicht ihres ausfälligen, negativen Verhalten unterstellt wird. So kann das ständige auf dem Stuhl Herumrutschen, Konzentrationsschwierigkeiten, verkrampfte, unleserliche Schrift, Sprachprobleme, etc. aufgrund von noch auslösbaren Reflexen entstehen. Kinder mit noch nicht gehemmten frühkindlichen Reflexen leiden sehr im Alltag, vor allem in der Schule.</p>
<p>Mit entsprechenden Übungen können aber die Reflexe «abtrainiert» werden. Wird mit den Kindern konsequente trainiert, lösen sich diese Reflexe ab und stören die Kinder nicht mehr.</p>
<p>[/et_pb_blurb][/et_pb_column][/et_pb_row][/et_pb_section]</p>

<p>Sie entstehen im Mutterleib, unterstützen die Geburt, sichern das Überleben nach der Geburt, sind eine Vorbereitung auf nächste Entwicklungsschritte und ebnen den Weg für willkürliche Bewegungen. Die frühkindlichen Reflexe müssen zu 100 % aktiviert werden, erst wenn dies geschehen ist, gibt es Platz für neue Bewegungsmuster. Alle bis auf die Haltungsreflexe/Stellreaktionen sollten die frühkindlichen Reflexe [&hellip;]</p>
